9*d**2 - 7*d + 15. Give v(-8).
7
Let i(t) = 4*t**2 + 12*t - 4. What is i(-4)?
12
Let o(v) = 4*v - 6. Calculate o(5).
14
Let f(y) = 14*y**2 - 6*y - 6. What is f(-1)?
14
Let q(m) = m**2 - 16*m - 18. Calculate q(15).
-33
Let w(q) = -q**3 - 12*q**2 + 16*q + 53. What is w(-13)?
14
Let r(a) = -31*a - 556. What is r(-18)?
2
Let k(o) = -o**3 - 3*o**2 + 21*o - 10. Determine k(-7).
39
Let k(w) = w**2 + 33*w - 62. Give k(-35).
8
Let q(d) = 6*d + 36. Determine q(-7).
-6
Let f(i) = 3*i - 68. Determine f(-14).
-110
Let m(x) = x - 6. Determine m(1).
-5
Let z(u) = 17*u + 16. Determine z(-5).
-69
Let n(y) = y**3 - 38*y**2 + 190*y + 73. Give n(32).
9
Let d(p) = -p**3 + 8*p**2 - 7*p - 5. Give d(6).
25
Let t(i) = -i**3 + 2*i**2 + 2*i - 11. What is t(-5)?
154
Let h(v) = v**3 - 10*v - 4. What is h(4)?
20
Let q(y) = 2*y**2 + 2*y + 2. Determine q(0).
2
Let n(d) = -d**3 + 4*d**2 + 2*d - 19. Calculate n(5).
-34
Let w(t) = -t**2 + 14*t - 20. Determine w(12).
4
Let n(s) = -2*s**3 - 3*s**2 + 2. Give n(-2).
6
Let x(t) = t**2 - 14*t - 39. Determine x(16).
-7
Let q(r) = -30*r**3 + r**2 + 3*r + 2. Give q(-1).
30
Let d(n) = n**3 - 9*n**2 + 10*n - 16. Give d(9).
74
Let b(j) = 2*j**2 - 7*j + 8. Give b(2).
2
Let w(n) = -11*n**2 + 5*n - 3. Calculate w(3).
-87
Let x(m) = 2*m + 7. Give x(5).
17
Let a(t) = 2*t**2 + 5*t - 7. Calculate a(-6).
35
Let c(v) = -v**3 - v**2 - 17. What is c(0)?
-17
Let k(j) = 7*j - 73. Determine k(10).
-3
Let w(z) = z**2 + 12*z - 48. Calculate w(-15).
-3
Let u(k) = 2*k**3 - 2*k**2 - 2*k. Give u(-2).
-20
Let x(o) = -o**3 + 6*o**2 - 4*o + 6. What is x(5)?
11
Let u(c) = -2*c**2 + 14*c - 4. Calculate u(7).
-4
Let n(l) = l**3 - 29*l**2 + 28*l + 2. Calculate n(28).
2
Let p(v) = 5*v - 35. Give p(0).
-35
Let z(y) = -6*y - 1. Calculate z(-2).
11
Let g(w) = -8*w**2 - 24*w + 27. What is g(-4)?
-5
Let t(f) = 2*f**2 + 5*f + 3. Give t(-5).
28
Let h(f) = -f**3 + 8*f**2 + 10*f - 16. Determine h(9).
-7
Let g(f) = -82*f + 337. What is g(4)?
9
Let j(l) = -5*l**2 - 5*l + 4. Give j(3).
-56
Let h(x) = -3*x + 38. What is h(12)?
2
Let w(j) = j**3 + 11*j**2 + 11*j + 14. Determine w(-10).
4
Let z(c) = -c**3 - 3*c**2 + 3*c + 7. Calculate z(-3).
-2
Let z(h) = 2*h**2 + 6*h + 8. Give z(-7).
64
Let h(c) = -c + 15. What is h(12)?
3
Let p(c) = -c**3 - 9*c**2 + 42*c + 82. Calculate p(-12).
10
Let r(k) = 7*k**2 - 1. Give r(-1).
6
Let z(i) = 3*i + 11. What is z(-3)?
2
Let a(d) = -d**2 - 14*d - 10. Calculate a(-14).
-10
Let z(p) = -18*p + 618. Determine z(34).
6
Let g(s) = -s**2 - 4*s - 2. Calculate g(-4).
-2
Let a(i) = -i**3 - 10*i**2 - i - 3. Give a(-10).
7
Let k(r) = -r**2 + 9*r + 4. Determine k(9).
4
Let w(i) = -2*i**3 - 6*i**2 + 3*i + 6. Give w(-3).
-3
Let h(v) = v**2 - 20*v - 75. Calculate h(23).
-6
Let z(t) = t**2 - 2*t + 4. What is z(4)?
12
Let g(u) = -2*u + 9. Determine g(-2).
13
Let w(h) = h**3 - 9*h**2 + 8*h + 10. Calculate w(7).
-32
Let y(f) = -f**2 - 46*f - 46. Calculate y(-1).
-1
Let k(b) = -31*b - 16. Give k(3).
-109
Let f(h) = -h**3 - 8*h**2 + 77*h + 157. Calculate f(-13).
1
Let x(k) = k**3 - 6*k**2 + 4*k - 2. Give x(5).
-7
Let t(u) = -338*u - 2368. What is t(-7)?
-2
Let m(f) = 5*f**3 + 78*f**2 + 47*f + 29. Calculate m(-15).
-1
Let m(d) = -d**3 - 3*d**2 - 7. Calculate m(-4).
9
Let k(p) = p**2 - 4*p + 23. Calculate k(3).
20
Let k(y) = y**3 + y**2 + 2*y + 17. Give k(0).
17
Let c(w) = w**3 - 15*w - 13. Give c(4).
-9
Let i(o) = -3*o**2 - 5*o. Calculate i(-2).
-2
Let l(f) = 2*f**2 + 4*f + 27. Determine l(7).
153
Let q(r) = -r**3 - 2*r**2 - 5*r - 2. What is q(-2)?
8
Let d(o) = -11*o - 113. What is d(-12)?
19
Let t(u) = -4*u + 1. Give t(1).
-3
Let g(y) = y**3 - 7*y**2 - 3*y - 33. Determine g(8).
7
Let c(o) = -13*o + 37. Calculate c(5).
-28
Let a(u) = 2*u + 6. Calculate a(2).
10
Let p(r) = -r**3 - 6*r**2 - 9. Determine p(-6).
-9
Let k(v) = -9*v - 2. What is k(-8)?
70
Let m(d) = 3*d - 51. Calculate m(17).
0
Let o(y) = y**3 + 27*y**2 + 27. Calculate o(-27).
27
Let b(h) = h**3 + 4*h**2 - 3*h + 8. Give b(-5).
-2
Let l(j) = -2*j - 25. Determine l(-13).
1
Let m(h) = -h**3 - h**2 + 4*h - 5. Give m(-3).
1
Let s(x) = -4*x**3 + 7*x**2 + 5*x + 6. What is s(-3)?
162
Let n(w) = -w**3 - 3*w**2 - 3*w - 5. Calculate n(-4).
23
Let f(w) = 15*w - 323. Calculate f(22).
7
Let f(h) = 28*h - 52. Determine f(2).
4
Let h(z) = z**2 + 30*z - 45. Give h(-33).
54
Let s(p) = -71*p - 653. Calculate s(-9).
-14
Let z(l) = -l**2 - 25*l + 13. What is z(-25)?
13
Let z(u) = -u**2 + 21*u - 104. Calculate z(11).
6
Let j(g) = -g**2 + 19*g + 109. Determine j(-6).
-41
Let d(j) = 3*j**3 + j**2 + 2*j + 1. Give d(-1).
-3
Let f(l) = l**3 - 6*l**2 - 8*l + 1. What is f(6)?
-47
Let p(f) = f**2 + 5. Determine p(0).
5
Let v(w) = -w**2 - 20*w + 187. What is v(7)?
-2
Let g(l) = l**2 - 13*l - 39. What is g(15)?
-9
Let f(b) = b**3 - 12*b**2 - 15*b + 33. Give f(13).
7
Let y(p) = 2*p**2 + 2*p + 1. Determine y(-1).
1
Let d(i) = 2*i**2 + 5*i - 2. Determine d(-4).
10
Let f(g) = g**2 + 11*g + 11. Calculate f(-10).
1
Let s(h) = -6*h**2 + 70*h - 11. Determine s(8).
165
Let i(c) = -c**3 + 7*c**2 + c + 6. Determine i(7).
13
Let x(j) = 4*j - 13. Give x(-9).
-49
Let c(y) = -y**3 + 5*y**2 - 6*y. Give c(4).
-8
Let z(t) = 13*t + 168. Determine z(-13).
-1
Let h(x) = x**2 - x - 6. Calculate h(5).
14
Let i(a) = -9*a**2 - 33*a - 1. What is i(-4)?
-13
Let n(k) = k**2 - 5*k - 1. Calculate n(4).
-5
Let r(o) = 3*o**2 + 55*o. What is r(-18)?
-18
Let l(y) = -2*y**3 + 6*y**2 - 2*y - 2. Calculate l(4).
-42
Let g(q) = -26*q - 1. Give g(1).
-27
Let p(l) = -2*l + 8. Determine p(15).
-22
Let y(c) = c**3 + 17*c**2 + 2*c + 33. What is y(-17)?
-1
Let j(b) = 4*b**3 - 4*b**2 + 4*b + 2. Determine j(2).
26
Let g(d) = -d**3 + 6*d**2 - 10*d - 2. Determine g(5).
-27
Let t(b) = -b - 5. Determine t(-2).
-3
Let j(a) = a**2 - 3*a - 7. Calculate j(5).
3
Let k(t) = t**2 - 10*t - 14. Calculate k(11).
-3
Let v(l) = -7*l**2 - 4*l - 2. What is v(-1)?
-5
Let z(a) = -a**3 + 9*a**2 - 8*a + 6. Give z(8).
6
Let g(j) = -j**3 - 4*j**2 + 2*j - 3. What is g(-3)?
-18
Let m(c) = -c**3 - 3*c**2 + 2*c - 2. Calculate m(-3).
-8
Let m(g) = g + 25. Calculate m(-12).
13
Let y(s) = 3*s**3 - 4*s**2 + 3*s - 2. Determine y(2).
12
Let k(r) = r**3 - 16*r**2 + 2*r - 36. Calculate k(16).
-4
Let l(z) = z**2 + 7*z - 16. What is l(-7)?
-16
Let k(s) = 2*s**3 - s**2 - 8*s + 10. What is k(4)?
90
Let z(o) = -o**3 - 14*o**2 + 15*o + 12. Calculate z(-15).
12
Let l(z) = -z**3 - 6*z**2 - 2*z - 3. Calculate l(-3).
-24
Let k(h) = -h**3 + 7*h**2 - 3*h + 3. Calculate k(6).
21
Let o(z) = 4*z**2 + 5*z - 1. What is o(-3)?
20
Let n(v) = -v**3 + 10*v**2 - 9*v - 18. Determine n(8).
38
Let x(f) = 70*f + 635. What is x(-9)?
5
Let r(w) = -w**3 + 4*w**2 + 10*w - 12. Determine r(5).
13
Let r(i) = -107*i**3 + i**2 - 1. Give r(1).
-107
Let x(s) = -s**3 - 6*s**2 - 10*s - 2. What is x(-4)?
6
Let b(z) = 12*z**2 + z. What is b(1)?
13
Let b(n) = n**3 - 48*n**2 - 5*n + 202. Determine b(48).
-38
Let i(m) = m**2 + 10*m - 4. Give i(-11).
7
Let z(g) = g**2 - 8*g - 60. Give z(13).
5
Let d(w) = -4*w + 6. Give d(4).
-10
Let f(a) = a**2 - 6*a - 14. Determine f(7).
-7
Let r(h) = h**2 + 13*h - 109. Calculate r(-20).
31
Let x(l) = -19*l - 4. Determine x(0).
-4
Let q(b) = b**2 + 6*b - 2. Give q(-8).
14
Let v(n) = -n**2 - 3*n + 5. Calculate v(2).
-5
Let t(l) = -l**3 + 7*l**2 - 2*l - 6. Give t(7).
-20
Let b(r) = 3*r**2 + 3*r - 2. Calculate b(-3).
16
Let f(y) = y**3 - 15*y**2 - 16*y + 4. Calculate f(16).
4
Let k(z) = z**3 - 37*z**2 + 250*z + 52. What is k(28)?
-4
Let y(o) = o**3 + 6*o**2 + 2*o + 3. Give y(-3).
24
Let v(u) = -u**3 + 4*u**2 + 10*u - 2. Calculate v(5).
23
Let r(z) = 7*z - 51. Give r(4).
-23
Let h(w) = 22*w**2 - w. What is h(-1)?
23
Let f(q) = 3*q + 2. Give f(2).
8
Let x(y) = 20*y - 153. Calculate x(7).
-13
Let s(l) = 24*l + 10. What is s(-2)?
-38
Let j(w) = -6*w - 42. Calculate j(-8).
6
Let q(h) = 8*h + 22. What is q(-3)?
-2
Let r(o) = 4*o**2 - 60*o - 8. What is r(16)?
56
Let y(p) = -20*p - 1. Determine y(2).
-41
Let i(c) = -c**2 + 45*c - 196. What is i(5)?
4
Let h(x) = 16*x - 10. Give h(1).
6
Let k(y) = -y**2 + y + 22. Give k(-3).
10
Let m(w) = -217*w - 1744. Calculate m(-8).
-8
Let l(y) = 23*y - 1. Calculate l(1).
22
Let v(p) = -p**3 - 3*p**2 + 4*p - 2. What is v(0)?
-2
Let y(m) = m**3 + 3*m**2 + 8*m - 4. What is y(-4)?
-52
Let o(m) = m**3 - 8